e?
False
Let w = 10 + -5. Suppose -w*p + 10*p = 10. Is 54*3/p + 1 composite?
True
Let j(b) = 4 + 6*b**2 + b + 4 + b**3 - 2*b**3. Let d be (6/(-5))/(1/(-5)). Is j(d) prime?
False
Let v = -21 - -24. Is v + -5 - -255 - 0 a prime number?
False
Suppose -1 = 4*u - 5*u + 4*x, -5*u + 4*x = -21. Suppose 0 = -0*r - 4*r + 3*c + 1420, -4*c = u*r - 1806. Is r prime?
False
Suppose -33*d = -36*d + 915. Is d a prime number?
False
Let w(h) = -h**3 + h**2 - 9. Let i be w(0). Is i - -9 - (-574 - -1) a prime number?
False
Suppose -3*a + 349 + 657 = -o, -4*a + o = -1343. Is a prime?
True
Let g be ((-100)/16)/((-1)/(-4)). Let s = g - -63. Is 3/15 + s/10 a prime number?
False
Let w(n) = -n**3 - 2*n**2 - 2*n + 2. Let m be w(-2). Let x(p) = 3*p**2 + 3*p + 6. Let h be x(m). Suppose -38 = -2*r + h. Is r prime?
False
Suppose 2*d - 13 = -3*h, -3*d + 0*h - 2*h + 12 = 0. Suppose 3*l - 2*q = -5*q + 78, -d*l + 5*q + 24 = 0. Is l a composite number?
True
Is 1*((-61788)/(-18) + 3/9) composite?
False
Suppose 669 = -3*p + 6*p. Is p a composite number?
False
Let j(f) = -f**2 + 3*f + 6. Let k be j(5). Let p(s) = -s**3 + 9*s**2 - 10*s + 10. Let r be p(8). Is r/k + 301/14 composite?
False
Let d = -3 - -8. Let a = 10 - d. Is (-1 + a)/(-2) + 39 a composite number?
False
Suppose -4*g + 81 = -3*i, -5*g = -3*g - 2*i - 38. Let p be 29/6 - 7/(-42). Suppose p - g = -b. Is b a composite number?
False
Let n(y) be the third derivative of y**7/840 + y**6/40 + y**5/40 + y**3/2 + 2*y**2. Let c(k) be the first derivative of n(k). Is c(-7) a composite number?
True
Let m(q) = q - 7. Let k be m(4). Let x(j) = 30*j**2 + 3*j - 4. Is x(k) composite?
False
Let l(y) = 0*y + 4*y - 3 - y - 8*y**2 + y**3. Let a be l(8). Suppose 4*f + 5*k - 28 - a = 0, 5*f = -4*k + 50. Is f a prime number?
False
Let d = 233 + -70. Is d composite?
False
Suppose -u = 4*u - 35. Let f(a) = -a**3 + 7*a**2 + 3. Let z be f(u). Suppose 0 = 3*x - 5*c - 288, 4*x + z*c - 448 = -93. Is x a prime number?
False
Let o(d) = -16*d + 1. Let t be 1/(-3 - (-24)/9). Is o(t) prime?
False
Let d be 69/4 - 1/4. Let a be d/(-3) + (-2)/6. Is (0 - -5)*a/(-5) a composite number?
True
Let v(k) = -k**2 - 26*k - 12. Is v(-13) a composite number?
False
Let j(z) = -43*z - 15. Is j(-10) a prime number?
False
Suppose -27 = -2*i + 227. Is i composite?
False
Suppose 5*t - b = 17 + 11, 3*t = 5*b + 8. Let r be 15/10*(-4)/t. Let w(y) = 76*y**2 - y. Is w(r) prime?
False
Let p(r) be the third derivative of 7*r**4/8 - 5*r**3/6 - 3*r**2. Let f be 2/8 + 15/4. Is p(f) a prime number?
True
Suppose 3 = -2*f - 3*r, -5*f + 0*r = -3*r + 18. Is (f - 0 - -1) + 35 a prime number?
False
Let n(b) = b**3 - 15*b**2 + 21*b - 8. Is n(15) prime?
True
Suppose c = 4*r + 3*c - 338, -423 = -5*r - 2*c. Is r a composite number?
True
Let r(q) = -q + 1. Let u(l) = 30*l + 13. Let v(w) = -4*r(w) + u(w). Is v(4) prime?
False
Let s(b) = 6*b**2 - b. Let w be s(1). Suppose 0 = 3*m - w*r - 620, -5*m + 2*m + 604 = -r. Suppose 6*i - 5*i = j + 56, 0 = 4*i + 4*j - m. Is i a prime number?
True
Let r = 1149 + -172. Is r composite?
False
Let z(r) = -19*r**3 + r**2 - 1. Suppose v + 5 = -5*m, 0*m + 5*m - 4*v = -5. Is z(m) a prime number?
True
Let w = -311 + 952. Is w prime?
True
Let f be -2 + (-1)/(2 - 3). Let y be 1/(f/4)*-2. Let z(g) = g**3 - 8*g**2 + 3*g - 11. Is z(y) composite?
False
Let o be (0 + (-1 - 0))*-414. Suppose -d - 3*i + 1067 = 4*d, 0 = 2*d - 2*i - o. Is d a composite number?
False
Suppose 5*o + 7 = -4*c + 982, 4*o + 20 = 0. Suppose 5*f - 5*a - c = 0, 4*a - 22 = -f + 33. Is f a composite number?
True
Suppose 2*r + 2*y = 22, -6*r + 4*r - 4*y = -30. Suppose r*m - 35 = 6*m. Is m a composite number?
True
Suppose 0 = -z + r - 5, 3*z + 2 = -5*r + 3. Let x be (z/9)/((-2)/18). Suppose -217 = -4*g - 5*s - 55, 5*s - 124 = -x*g. Is g composite?
True
Suppose 2*h - h = 1221. Suppose -914 = -5*u + h. Is u prime?
False
Suppose l - 4*l = -6. Suppose -6 = 5*b + 2*v - 25, -l*b = -5*v - 25. Is (-36)/(-15) + 3/b prime?
True
Let x = 1 - 51. Is (-1)/4 - x/8 a prime number?
False
Let s be (20/(-6))/(3/9). Let k be (-4)/s + 6/(-15). Let j = 3 - k. Is j composite?
False
Let f be (-24)/9 - 1/3. Let c be f/6 - (-379)/2. Suppose 0 = 5*w - c - 1. Is w a prime number?
False
Let s(x) = x**2 - x - 7. Suppose 0 = -3*b - 22 + 10. Is s(b) a composite number?
False
Let d(g) = -g**3 - g**2 + g + 212. Let k be d(0). Suppose k = -0*u + 4*u. Is u composite?
False
Is ((-44)/(-8) - 4)/((-1)/(-2)) prime?
True
Suppose 0 = -q - q + 8, m - 182 = -5*q. Is 2/4*(-4 + m) composite?
False
Is (-15519)/(-12) - 13/52 a composite number?
True
Let y = 449 + 70. Is y a composite number?
True
Let c(w) = 2*w**2 + 10*w - 1. Let s be (-8 - -4)/(4/10). Let b be c(s). Suppose -b = -4*t + 497. Is t a prime number?
True
Suppose -161 = -2*y + 5. Is y composite?
False
Suppose v - 6*r + 3*r = 0, -3*r = -5*v + 12. Suppose -o + v*m = -37, o - m = -0*m + 37. Is o a prime number?
True
Let w be ((-8)/3)/(6/(-9)). Let l(u) = -u**2 + 4*u + 3. Let q be l(w). Suppose -2*s + 2*a - 40 = -4*s, 5*s - 60 = q*a. Is s a prime number?
False
Let t(v) = 11*v**2 + 2. Is t(2) a prime number?
False
Let b be (-88)/33*921/(-2). Suppose -b = n - 5*n. Is n a prime number?
True
Let d be (1 - 4)/3*-4. Suppose -f + 740 = 3*y, -d*y + 2*y = 2*f - 1500. Is f prime?
False
Suppose 11*p - 8047 - 5692 = 0. Is p prime?
True
Let b(o) be the first derivative of 211*o**3/3 - o**2 - 2*o - 8. Is b(-1) a composite number?
False
Let n be 8/(-3) - (-2)/3. Is (-1)/(1*n/26) composite?
False
Suppose 4*u + 243 = -2*t + 977, -2*t + 4*u + 726 = 0. Is t prime?
False
Suppose 0 = -4*y - 0*y - 12, 4*s + 4*y - 440 = 0. Is s composite?
False
Let y = 20 + 5. Is y a composite number?
True
Let f(r) = -52*r + 1. Let b = -7 - -6. Is f(b) composite?
False
Let i = -455 - -2278. Is i a prime number?
True
Suppose 3*q - 2 = q, 49 = 3*h + 4*q. Let v(x) = -x**2 - 8*x - 7. Let l be v(-5). Let p = h - l. Is p a composite number?
False
Suppose -3*p + 5 = -1. Is (-72)/(-7) + p/(-7) a composite number?
True
Suppose 5*m = 5*c - 15, -2*m = -5*c + c + 12. Suppose 5*h + 156 - 1181 = m. Is h a prime number?
False
Let v = 8 + 78. Let u = v - 27. Is u a composite number?
False
Let o(g) = -5*g**3 + g**2 + 3*g - 1. Is o(-2) a prime number?
True
Let v = 42 + 7. Is v a composite number?
True
Suppose -4*v + 4*f + 8234 = 634, -4*v + 7605 = f. Is v a composite number?
False
Suppose -395 = -z - d, 10*d = 5*d + 20. Is z a prime number?
False
Let i(h) = -h**3 + h**2. Let w be i(-1). Is ((-8)/w)/4 + 192 prime?
True
Let v = -444 - -2245. Is v prime?
True
Suppose 3*b - 2 - 19 = 0. Let s be (-6)/(-21) - (-12)/b. Is s*((-81)/(-6) - -2) composite?
False
Let j(y) = -69*y**3 - 2*y**2 + 2*y + 1. Is j(-2) composite?
False
Is 8/(-20) + 832/5 a prime number?
False
Let f = -1 + 1. Let t = f - -4. Suppose t*a + 3 = 103. Is a composite?
True
Suppose 0 = 4*z - 3 - 9. Let v be 4/(-2) + 88*5. Suppose -j - v = -z*j. Is j composite?
True
Suppose -2*f + 777 = f. Is f prime?
False
Let l(u) = 3*u**3 - 7*u**2 - 8*u + 11. Is l(7) a prime number?
True
Let y(p) = p**3 - 11*p**2 + 13*p - 3. Let o(j) = -j**3 + 11*j**2 - 13*j + 2. Let f(g) = -5*o(g) - 6*y(g). Is f(9) prime?
True
Suppose 5*s + 1319 = -211. Let a = -149 - s. Is a prime?
True
Let p be (90/(-2))/3 - -3. Let h = 27 + p. Is h a composite number?
True
Let s = -9 - -14. Suppose 0*x = -s*x + 70. Is (-466)/(-14) + (-4)/x prime?
False
Let u(x) = 2 - 3*x - 6*x - 1 + 1. Is u(-9) a prime number?
True
Let u(o) = -3*o**3 + o**2 - 3*o - 5. Let k(r) = 4*r**3 - 2*r**2 + 2*r + 5. Let g(c) = -2*k(c) - 3*u(c). Is g(6) composite?
True
Let d(p) = p**2 + 3*p + 4 + 0*p**2 + 3*p**2. Is d(5) prime?
False
Let g be 0 - -1 - (8 - -32). Is 6/g - (-613)/13 composite?
False
Let b(u) = 3*u**2 + 2*u + 1. Let q be b(-1). Suppose -3*o = -7*i + 2*i + 873, 5*o = -q*i + 374. Is i a composite number?
True
Suppose 0*y = 7*y - 861. Is y composite?
True
Let t(y) = y**2 - 2*y - 3. Is t(6) a composite number?
True
Let g(z) = 13*z**2 - z - 5. Let q be 58/18 - 10/45. Is g(q) composite?
False
Is (-5115)/(-39) + 10/(-65) a composite number?
False
Is 1*2*9877/34 composite?
True
Let m = -6 + 0. Let k = m + 11. Suppose -10 = -g + k. Is g prime?
False
Let m(p) = p**3 + p + 4. Let h be m(0). Let i be 0 - -3 - (h - 0). Let f(s) = 33*s**2 + s + 1. Is f(i) prime?
Fals